{"id":40,"date":"2025-10-02T18:07:52","date_gmt":"2025-10-02T18:07:52","guid":{"rendered":"https:\/\/fair-up.com\/advisory\/?page_id=40"},"modified":"2025-10-11T17:23:46","modified_gmt":"2025-10-11T17:23:46","slug":"mentions-legales","status":"publish","type":"page","link":"https:\/\/fair-up.com\/advisory\/mentions-legales\/","title":{"rendered":"Mentions l\u00e9gales"},"content":{"rendered":"\t\t<div data-elementor-type=\"wp-page\" data-elementor-id=\"40\" class=\"elementor elementor-40\" data-elementor-post-type=\"page\">\n\t\t\t\t<div class=\"elementor-element elementor-element-9a3459c e-flex e-con-boxed e-con e-parent\" data-id=\"9a3459c\" data-element_type=\"container\" data-settings=\"{&quot;background_background&quot;:&quot;classic&quot;}\">\n\t\t\t\t\t<div class=\"e-con-inner\">\n\t\t\t\t<div class=\"elementor-element elementor-element-6febc24 elementor-widget elementor-widget-heading\" data-id=\"6febc24\" data-element_type=\"widget\" data-widget_type=\"heading.default\">\n\t\t\t\t\t<h2 class=\"elementor-heading-title elementor-size-default\">Fairup Advisory<\/h2>\t\t\t\t<\/div>\n\t\t\t\t<div class=\"elementor-element elementor-element-15f3e5c elementor-widget elementor-widget-heading\" data-id=\"15f3e5c\" data-element_type=\"widget\" data-widget_type=\"heading.default\">\n\t\t\t\t\t<h2 class=\"elementor-heading-title elementor-size-default\">Mentions l\u00e9gales<\/h2>\t\t\t\t<\/div>\n\t\t\t\t<div class=\"elementor-element elementor-element-54c1a25 elementor-widget__width-initial elementor-widget-tablet__width-initial elementor-widget elementor-widget-text-editor\" data-id=\"54c1a25\" data-element_type=\"widget\" data-widget_type=\"text-editor.default\">\n\t\t\t\t\t\t\t\t\tInformations l\u00e9gales et obligations de l\u2019\u00e9diteur du site Fairup Advisory\t\t\t\t\t\t\t\t<\/div>\n\t\t\t\t\t<\/div>\n\t\t\t\t<\/div>\n\t\t<div class=\"elementor-element elementor-element-439786e e-flex e-con-boxed e-con e-parent\" data-id=\"439786e\" data-element_type=\"container\">\n\t\t\t\t\t<div class=\"e-con-inner\">\n\t\t\t\t<div class=\"elementor-element elementor-element-86d5b22 elementor-widget elementor-widget-text-editor\" data-id=\"86d5b22\" data-element_type=\"widget\" data-widget_type=\"text-editor.default\">\n\t\t\t\t\t\t\t\t\t<p data-start=\"179\" data-end=\"306\"><strong data-start=\"179\" data-end=\"200\">\u00c9diteur du site :\n<\/strong>Le pr\u00e9sent site web est \u00e9dit\u00e9 par <strong data-start=\"237\" data-end=\"256\">Fairup Advisory<\/strong>, repr\u00e9sent\u00e9 par <strong data-start=\"273\" data-end=\"284\">Tarik H<\/strong>, responsable l\u00e9gal.<\/p>\n<p data-start=\"308\" data-end=\"364\"><strong data-start=\"308\" data-end=\"321\">Adresse :<\/strong><br data-start=\"321\" data-end=\"324\" \/>\ud83d\udccd <em data-start=\"327\" data-end=\"362\">[Adresse]<\/em><\/p>\n<p data-start=\"366\" data-end=\"458\"><strong data-start=\"366\" data-end=\"379\">Contact :<\/strong><br data-start=\"379\" data-end=\"382\" \/>\ud83d\udcde <em data-start=\"385\" data-end=\"420\">[Num\u00e9ro de t\u00e9l\u00e9phone]<\/em><br data-start=\"420\" data-end=\"423\" \/>\u2709\ufe0f <em data-start=\"689\" data-end=\"719\">contact.advisory@fair-up.com<\/em><\/p>\n<p data-start=\"460\" data-end=\"543\"><strong data-start=\"460\" data-end=\"484\">Num\u00e9ro SIRET \/ RCS :<\/strong><br data-start=\"484\" data-end=\"487\" \/>Aucun num\u00e9ro SIRET ou RCS n\u2019est actuellement attribu\u00e9.<\/p>\n<p data-start=\"545\" data-end=\"751\"><strong data-start=\"545\" data-end=\"562\">H\u00e9bergement :<\/strong><br data-start=\"562\" data-end=\"565\" \/>Le site est h\u00e9berg\u00e9 par <strong data-start=\"589\" data-end=\"621\">Hostinger International Ltd.<\/strong><br data-start=\"621\" data-end=\"624\" \/>Adresse : 61 Lordou Vironos Street, 6023 Larnaca, Chypre.<br data-start=\"681\" data-end=\"684\" \/>Site web : <a class=\"decorated-link cursor-pointer\" target=\"_new\" rel=\"noopener\" data-start=\"695\" data-end=\"749\">https:\/\/www.hostinger.com<\/a><\/p>\n<p data-start=\"753\" data-end=\"1076\"><strong data-start=\"753\" data-end=\"783\">Propri\u00e9t\u00e9 intellectuelle :<\/strong><br data-start=\"783\" data-end=\"786\" \/>L\u2019ensemble des \u00e9l\u00e9ments pr\u00e9sents sur ce site (textes, images, graphismes, logo, ic\u00f4nes, etc.) sont la propri\u00e9t\u00e9 exclusive de <strong data-start=\"911\" data-end=\"930\">Fairup Advisory<\/strong>, sauf mention contraire.<br data-start=\"955\" data-end=\"958\" \/>Toute reproduction, distribution, modification ou utilisation sans autorisation pr\u00e9alable est strictement interdite.<\/p>\n<p data-start=\"1078\" data-end=\"1353\"><strong data-start=\"1078\" data-end=\"1098\">Responsabilit\u00e9 :<\/strong><br data-start=\"1098\" data-end=\"1101\" \/>Fairup Advisory s\u2019efforce d\u2019assurer l\u2019exactitude des informations diffus\u00e9es sur son site, mais ne saurait \u00eatre tenue responsable d\u2019\u00e9ventuelles erreurs ou omissions.<br data-start=\"1265\" data-end=\"1268\" \/>L\u2019utilisateur reconna\u00eet utiliser ces informations sous sa responsabilit\u00e9 exclusive.<\/p>\n<p data-start=\"1355\" data-end=\"1584\"><strong data-start=\"1355\" data-end=\"1381\">Donn\u00e9es personnelles :<\/strong><br data-start=\"1381\" data-end=\"1384\" \/>Les informations collect\u00e9es via le site sont utilis\u00e9es uniquement \u00e0 des fins de contact et de suivi des demandes.<br data-start=\"1497\" data-end=\"1500\" \/>Aucune donn\u00e9e personnelle n\u2019est transmise \u00e0 des tiers sans consentement pr\u00e9alable.<\/p>\t\t\t\t\t\t\t\t<\/div>\n\t\t\t\t\t<\/div>\n\t\t\t\t<\/div>\n\t\t\t\t<\/div>\n\t\t","protected":false},"excerpt":{"rendered":"<p>Fairup Advisory Mentions l\u00e9gales Informations l\u00e9gales et obligations de l\u2019\u00e9diteur du site Fairup Advisory \u00c9diteur du site : Le pr\u00e9sent site web est \u00e9dit\u00e9 par Fairup Advisory, repr\u00e9sent\u00e9 par Tarik H, responsable l\u00e9gal. Adresse :\ud83d\udccd [Adresse] Contact :\ud83d\udcde [Num\u00e9ro de t\u00e9l\u00e9phone]\u2709\ufe0f contact.advisory@fair-up.com Num\u00e9ro SIRET \/ RCS :Aucun num\u00e9ro SIRET ou RCS n\u2019est actuellement attribu\u00e9. H\u00e9bergement [&hellip;]<\/p>\n","protected":false},"author":1,"featured_media":0,"parent":0,"menu_order":0,"comment_status":"closed","ping_status":"closed","template":"","meta":{"footnotes":""},"class_list":["post-40","page","type-page","status-publish","hentry"],"_links":{"self":[{"href":"https:\/\/fair-up.com\/advisory\/wp-json\/wp\/v2\/pages\/40","targetHints":{"allow":["GET"]}}],"collection":[{"href":"https:\/\/fair-up.com\/advisory\/wp-json\/wp\/v2\/pages"}],"about":[{"href":"https:\/\/fair-up.com\/advisory\/wp-json\/wp\/v2\/types\/page"}],"author":[{"embeddable":true,"href":"https:\/\/fair-up.com\/advisory\/wp-json\/wp\/v2\/users\/1"}],"replies":[{"embeddable":true,"href":"https:\/\/fair-up.com\/advisory\/wp-json\/wp\/v2\/comments?post=40"}],"version-history":[{"count":10,"href":"https:\/\/fair-up.com\/advisory\/wp-json\/wp\/v2\/pages\/40\/revisions"}],"predecessor-version":[{"id":529,"href":"https:\/\/fair-up.com\/advisory\/wp-json\/wp\/v2\/pages\/40\/revisions\/529"}],"wp:attachment":[{"href":"https:\/\/fair-up.com\/advisory\/wp-json\/wp\/v2\/media?parent=40"}],"curies":[{"name":"wp","href":"https:\/\/api.w.org\/{rel}","templated":true}]}}